{"id":88300,"date":"2021-04-29T17:56:26","date_gmt":"2021-04-29T15:56:26","guid":{"rendered":"https:\/\/www.h-mc.de\/?page_id=88300"},"modified":"2024-02-04T16:17:05","modified_gmt":"2024-02-04T15:17:05","slug":"kompetenz-prozessoptimierung","status":"publish","type":"page","link":"https:\/\/www.h-mc.de\/index.php\/kompetenz-prozessoptimierung\/","title":{"rendered":"Kompetenz Prozessoptimierung"},"content":{"rendered":"<div class=\"wpb-content-wrapper\"><p>[vc_row][vc_column width=&#8220;1\/1&#8243;][vc_custom_heading]Transformation und Prozessoptimierung[\/vc_custom_heading][vc_column_text text_lead=&#8220;yes&#8220; uncode_shortcode_id=&#8220;342604&#8243;]Unternehmen stehen in einem sich st\u00e4ndig ver\u00e4ndernden Umfeld vor der Herausforderung sich fortlaufend anpassen zu m\u00fcssen, um zu \u00fcberleben. Gerade durch die schnell voranschreitende Globalisierung, zunehmenden Kostendruck, neue Wettbewerber sowie eine erh\u00f6hte Automatisierung und Standardisierung wird eine am Markt wettbewerbsf\u00e4hige Prozessausrichtung \u00fcberlebenswichtig.<\/p>\n<p>Wir unterst\u00fctzen Unternehmen bei der effektiven Ausrichtung der Prozesse, bei der Prozesskostensenkung und der Steigerung der Effizienz der Gesch\u00e4ftsprozesse, wobei wir eine funktions\u00fcbergreifende End-to-End-Prozess-Sicht ber\u00fccksichtigen. Hierbei stellen wir sicher, dass Transformationen erfolgreich sind und achten sowohl auf die Corporate Governance als auch auf Aspekte der Ordnungsm\u00e4\u00dfigkeit und Sicherheit.<\/p>\n<p>Des Weiteren helfen wir Klienten komplexe ERP-Transformationen (z. B. SAP R\/3 zu S\/4HANA, Microsoft Dynamics NAV zu Microsoft Dynamics Business Central, u. a.) zu begleiten und insbesondere in Schieflage geratene Projekte neu aufzusetzen und erfolgreich umzusetzen.[\/vc_column_text][\/vc_column][\/vc_row][vc_row][vc_column width=&#8220;1\/1&#8243;][vc_empty_space empty_h=&#8220;2&#8243;][\/vc_column][\/vc_row]<\/p>\n<\/div>","protected":false},"excerpt":{"rendered":"<p>[vc_row][vc_column width=&#8220;1\/1&#8243;][vc_custom_heading]Transformation und Prozessoptimierung[\/vc_custom_heading][vc_column_text text_lead=&#8220;yes&#8220; uncode_shortcode_id=&#8220;342604&#8243;]Unternehmen stehen in einem sich st\u00e4ndig ver\u00e4ndernden Umfeld vor der Herausforderung sich fortlaufend anpassen zu [&hellip;]<\/p>\n","protected":false},"author":1,"featured_media":0,"parent":0,"menu_order":0,"comment_status":"open","ping_status":"closed","template":"","meta":{"footnotes":""},"class_list":["post-88300","page","type-page","status-publish","hentry","page_category-active"],"yoast_head":"<!-- This site is optimized with the Yoast SEO plugin v27.4 - https:\/\/yoast.com\/product\/yoast-seo-wordpress\/ -->\n<title>Kompetenz Prozessoptimierung - Haertel Management Consulting GmbH<\/title>\n<meta name=\"robots\" content=\"index, follow, max-snippet:-1, max-image-preview:large, max-video-preview:-1\" \/>\n<link rel=\"canonical\" href=\"https:\/\/www.h-mc.de\/index.php\/kompetenz-prozessoptimierung\/\" \/>\n<meta property=\"og:locale\" content=\"de_DE\" \/>\n<meta property=\"og:type\" content=\"article\" \/>\n<meta property=\"og:title\" content=\"Kompetenz Prozessoptimierung - Haertel Management Consulting GmbH\" \/>\n<meta property=\"og:description\" content=\"[vc_row][vc_column width=&#8220;1\/1&#8243;][vc_custom_heading]Transformation und Prozessoptimierung[\/vc_custom_heading][vc_column_text text_lead=&#8220;yes&#8220; uncode_shortcode_id=&#8220;342604&#8243;]Unternehmen stehen in einem sich st\u00e4ndig ver\u00e4ndernden Umfeld vor der Herausforderung sich fortlaufend anpassen zu [&hellip;]\" \/>\n<meta property=\"og:url\" content=\"https:\/\/www.h-mc.de\/index.php\/kompetenz-prozessoptimierung\/\" \/>\n<meta property=\"og:site_name\" content=\"Haertel Management Consulting GmbH\" \/>\n<meta property=\"article:modified_time\" content=\"2024-02-04T15:17:05+00:00\" \/>\n<meta name=\"twitter:card\" content=\"summary_large_image\" \/>\n<meta name=\"twitter:label1\" content=\"Gesch\u00e4tzte Lesezeit\" \/>\n\t<meta name=\"twitter:data1\" content=\"1\u00a0Minute\" \/>\n<script type=\"application\/ld+json\" class=\"yoast-schema-graph\">{\"@context\":\"https:\\\/\\\/schema.org\",\"@graph\":[{\"@type\":\"WebPage\",\"@id\":\"https:\\\/\\\/www.h-mc.de\\\/index.php\\\/kompetenz-prozessoptimierung\\\/\",\"url\":\"https:\\\/\\\/www.h-mc.de\\\/index.php\\\/kompetenz-prozessoptimierung\\\/\",\"name\":\"Kompetenz Prozessoptimierung - Haertel Management Consulting GmbH\",\"isPartOf\":{\"@id\":\"https:\\\/\\\/www.h-mc.de\\\/#website\"},\"datePublished\":\"2021-04-29T15:56:26+00:00\",\"dateModified\":\"2024-02-04T15:17:05+00:00\",\"breadcrumb\":{\"@id\":\"https:\\\/\\\/www.h-mc.de\\\/index.php\\\/kompetenz-prozessoptimierung\\\/#breadcrumb\"},\"inLanguage\":\"de\",\"potentialAction\":[{\"@type\":\"ReadAction\",\"target\":[\"https:\\\/\\\/www.h-mc.de\\\/index.php\\\/kompetenz-prozessoptimierung\\\/\"]}]},{\"@type\":\"BreadcrumbList\",\"@id\":\"https:\\\/\\\/www.h-mc.de\\\/index.php\\\/kompetenz-prozessoptimierung\\\/#breadcrumb\",\"itemListElement\":[{\"@type\":\"ListItem\",\"position\":1,\"name\":\"Startseite\",\"item\":\"https:\\\/\\\/www.h-mc.de\\\/\"},{\"@type\":\"ListItem\",\"position\":2,\"name\":\"Kompetenz Prozessoptimierung\"}]},{\"@type\":\"WebSite\",\"@id\":\"https:\\\/\\\/www.h-mc.de\\\/#website\",\"url\":\"https:\\\/\\\/www.h-mc.de\\\/\",\"name\":\"Haertel Management Consulting GmbH\",\"description\":\"Wertsch\u00f6pfende Probleml\u00f6sung durch quantitativ messbare Resultate \u201eon Time\u201c und \u201eon Budget\u201c\",\"publisher\":{\"@id\":\"https:\\\/\\\/www.h-mc.de\\\/#organization\"},\"potentialAction\":[{\"@type\":\"SearchAction\",\"target\":{\"@type\":\"EntryPoint\",\"urlTemplate\":\"https:\\\/\\\/www.h-mc.de\\\/?s={search_term_string}\"},\"query-input\":{\"@type\":\"PropertyValueSpecification\",\"valueRequired\":true,\"valueName\":\"search_term_string\"}}],\"inLanguage\":\"de\"},{\"@type\":\"Organization\",\"@id\":\"https:\\\/\\\/www.h-mc.de\\\/#organization\",\"name\":\"Haertel Management Consulting GmbH\",\"url\":\"https:\\\/\\\/www.h-mc.de\\\/\",\"logo\":{\"@type\":\"ImageObject\",\"inLanguage\":\"de\",\"@id\":\"https:\\\/\\\/www.h-mc.de\\\/#\\\/schema\\\/logo\\\/image\\\/\",\"url\":\"https:\\\/\\\/www.h-mc.de\\\/wp-content\\\/uploads\\\/2022\\\/02\\\/Logo-Schriftzug.png\",\"contentUrl\":\"https:\\\/\\\/www.h-mc.de\\\/wp-content\\\/uploads\\\/2022\\\/02\\\/Logo-Schriftzug.png\",\"width\":2238,\"height\":137,\"caption\":\"Haertel Management Consulting GmbH\"},\"image\":{\"@id\":\"https:\\\/\\\/www.h-mc.de\\\/#\\\/schema\\\/logo\\\/image\\\/\"},\"sameAs\":[\"https:\\\/\\\/www.linkedin.com\\\/company\\\/79435367\"]}]}<\/script>\n<!-- \/ Yoast SEO plugin. -->","yoast_head_json":{"title":"Kompetenz Prozessoptimierung - Haertel Management Consulting GmbH","robots":{"index":"index","follow":"follow","max-snippet":"max-snippet:-1","max-image-preview":"max-image-preview:large","max-video-preview":"max-video-preview:-1"},"canonical":"https:\/\/www.h-mc.de\/index.php\/kompetenz-prozessoptimierung\/","og_locale":"de_DE","og_type":"article","og_title":"Kompetenz Prozessoptimierung - Haertel Management Consulting GmbH","og_description":"[vc_row][vc_column width=&#8220;1\/1&#8243;][vc_custom_heading]Transformation und Prozessoptimierung[\/vc_custom_heading][vc_column_text text_lead=&#8220;yes&#8220; uncode_shortcode_id=&#8220;342604&#8243;]Unternehmen stehen in einem sich st\u00e4ndig ver\u00e4ndernden Umfeld vor der Herausforderung sich fortlaufend anpassen zu [&hellip;]","og_url":"https:\/\/www.h-mc.de\/index.php\/kompetenz-prozessoptimierung\/","og_site_name":"Haertel Management Consulting GmbH","article_modified_time":"2024-02-04T15:17:05+00:00","twitter_card":"summary_large_image","twitter_misc":{"Gesch\u00e4tzte Lesezeit":"1\u00a0Minute"},"schema":{"@context":"https:\/\/schema.org","@graph":[{"@type":"WebPage","@id":"https:\/\/www.h-mc.de\/index.php\/kompetenz-prozessoptimierung\/","url":"https:\/\/www.h-mc.de\/index.php\/kompetenz-prozessoptimierung\/","name":"Kompetenz Prozessoptimierung - Haertel Management Consulting GmbH","isPartOf":{"@id":"https:\/\/www.h-mc.de\/#website"},"datePublished":"2021-04-29T15:56:26+00:00","dateModified":"2024-02-04T15:17:05+00:00","breadcrumb":{"@id":"https:\/\/www.h-mc.de\/index.php\/kompetenz-prozessoptimierung\/#breadcrumb"},"inLanguage":"de","potentialAction":[{"@type":"ReadAction","target":["https:\/\/www.h-mc.de\/index.php\/kompetenz-prozessoptimierung\/"]}]},{"@type":"BreadcrumbList","@id":"https:\/\/www.h-mc.de\/index.php\/kompetenz-prozessoptimierung\/#breadcrumb","itemListElement":[{"@type":"ListItem","position":1,"name":"Startseite","item":"https:\/\/www.h-mc.de\/"},{"@type":"ListItem","position":2,"name":"Kompetenz Prozessoptimierung"}]},{"@type":"WebSite","@id":"https:\/\/www.h-mc.de\/#website","url":"https:\/\/www.h-mc.de\/","name":"Haertel Management Consulting GmbH","description":"Wertsch\u00f6pfende Probleml\u00f6sung durch quantitativ messbare Resultate \u201eon Time\u201c und \u201eon Budget\u201c","publisher":{"@id":"https:\/\/www.h-mc.de\/#organization"},"potentialAction":[{"@type":"SearchAction","target":{"@type":"EntryPoint","urlTemplate":"https:\/\/www.h-mc.de\/?s={search_term_string}"},"query-input":{"@type":"PropertyValueSpecification","valueRequired":true,"valueName":"search_term_string"}}],"inLanguage":"de"},{"@type":"Organization","@id":"https:\/\/www.h-mc.de\/#organization","name":"Haertel Management Consulting GmbH","url":"https:\/\/www.h-mc.de\/","logo":{"@type":"ImageObject","inLanguage":"de","@id":"https:\/\/www.h-mc.de\/#\/schema\/logo\/image\/","url":"https:\/\/www.h-mc.de\/wp-content\/uploads\/2022\/02\/Logo-Schriftzug.png","contentUrl":"https:\/\/www.h-mc.de\/wp-content\/uploads\/2022\/02\/Logo-Schriftzug.png","width":2238,"height":137,"caption":"Haertel Management Consulting GmbH"},"image":{"@id":"https:\/\/www.h-mc.de\/#\/schema\/logo\/image\/"},"sameAs":["https:\/\/www.linkedin.com\/company\/79435367"]}]}},"_links":{"self":[{"href":"https:\/\/www.h-mc.de\/index.php\/wp-json\/wp\/v2\/pages\/88300","targetHints":{"allow":["GET"]}}],"collection":[{"href":"https:\/\/www.h-mc.de\/index.php\/wp-json\/wp\/v2\/pages"}],"about":[{"href":"https:\/\/www.h-mc.de\/index.php\/wp-json\/wp\/v2\/types\/page"}],"author":[{"embeddable":true,"href":"https:\/\/www.h-mc.de\/index.php\/wp-json\/wp\/v2\/users\/1"}],"replies":[{"embeddable":true,"href":"https:\/\/www.h-mc.de\/index.php\/wp-json\/wp\/v2\/comments?post=88300"}],"version-history":[{"count":8,"href":"https:\/\/www.h-mc.de\/index.php\/wp-json\/wp\/v2\/pages\/88300\/revisions"}],"predecessor-version":[{"id":88959,"href":"https:\/\/www.h-mc.de\/index.php\/wp-json\/wp\/v2\/pages\/88300\/revisions\/88959"}],"wp:attachment":[{"href":"https:\/\/www.h-mc.de\/index.php\/wp-json\/wp\/v2\/media?parent=88300"}],"curies":[{"name":"wp","href":"https:\/\/api.w.org\/{rel}","templated":true}]}}