{"id":88289,"date":"2021-04-29T12:35:46","date_gmt":"2021-04-29T10:35:46","guid":{"rendered":"https:\/\/www.h-mc.de\/?page_id=88289"},"modified":"2024-02-04T16:16:51","modified_gmt":"2024-02-04T15:16:51","slug":"kompetenz-projektmanagement","status":"publish","type":"page","link":"https:\/\/www.h-mc.de\/index.php\/kompetenz-projektmanagement\/","title":{"rendered":"Kompetenz Projektmanagement"},"content":{"rendered":"<div class=\"wpb-content-wrapper\"><p>[vc_row][vc_column width=&#8220;1\/1&#8243;][vc_custom_heading uncode_shortcode_id=&#8220;155683&#8243;]Dynamisches, ressourcen- und toolbasiertes Projektmanagement[\/vc_custom_heading][vc_column_text text_lead=&#8220;yes&#8220;]Unser Projektmanagement-Ansatz basiert auf einer holistischen Herangehensweise und der aktiven Einbindung aller relevanten Stakeholder. Professionelles Projektmanagement setzt das Know-how, die entsprechenden Methoden, Techniken und Tools sowie die F\u00e4higkeit Menschen in schwierigen Situationen, meist ohne disziplinarische Verantwortung, zu steuern. Das Know-how haben wir \u00fcber viele Jahre aufgebaut und vielfach erfolgreich eingesetzt. Die Projektmanagement-Methoden und -techniken wurden verfeinert, spezifiziert und fortlaufend weiterentwickelt. Wir verwenden, bei komplexen Projekten und in Multiprojektumgebungen, ein dynamisches, ressourcen- und toolbasiertes Projektmanagement. Damit sorgen wir f\u00fcr eine transparente, effektive und effiziente Projektsteuerung in Echtzeit. Die entscheidende Determinante des Projektmanagements \u2013 die erfolgreiche \u201eSteuerung von Menschen\u201c \u2013 haben wir in unz\u00e4hligen Projekten bewiesen.<\/p>\n<p>Wir unterst\u00fctzen Sie bei der Initiierung, Planung, Durchf\u00fchrung, Steuerung, Kontrolle und der erfolgreichen Umsetzung von Projekten, von der \u00dcbernahme der Projektleitung \u00fcber die Unterst\u00fctzung, Begleitung und Ausbildung ihrer internen Projektleiter, bis zur Bereitstellung und dem Aufbau der Infrastruktur. Dabei profitieren Sie von unserem umfangreichen Wissen und unserer langj\u00e4hrigen Erfahrung sowie unseren professionellen Projektmanagementtools. Die Projektmanagementtools k\u00f6nnen dabei sowohl extern betrieben als auch intern bei Ihnen von uns konzipiert und implementiert werden. Wir bieten Ihnen die M\u00f6glichkeit, eine vollst\u00e4ndige professionelle Projektmanagementumgebung in wenigen Tagen bereitstellen zu k\u00f6nnen.<\/p>\n<p>Projekte innerhalb der Zeit, mit der festgelegten Qualit\u00e4t und innerhalb des Budgets erfolgreich umzusetzen, ist nicht nur unser absoluter Anspruch, sondern auch unser Versprechen. Projekte in diesen Rahmenbedingungen Zeit, Qualit\u00e4t und Kosten erfolgreich abzuschlie\u00dfen haben wir vielfach erfolgreich bewiesen.[\/vc_column_text][vc_custom_heading uncode_shortcode_id=&#8220;742511&#8243;]Multiprojektmanagement[\/vc_custom_heading][vc_column_text text_lead=&#8220;yes&#8220; uncode_shortcode_id=&#8220;154879&#8243;]Einzelne Projekte erfolgreich umzusetzen ist anspruchsvoll, mehrere Projekte gleichzeitig zu managen um ein Vielfaches schwieriger. Ziele, Inhalte und vor allem Ressourcen m\u00fcssen parallel abgestimmt und koordiniert werden. Um diese Herausforderung erfolgreich zu bew\u00e4ltigen m\u00fcssen Projektmanagementprozesse, -systeme und die Projektorganisation einen entsprechenden Reifegrad aufweisen.<\/p>\n<p>Wir helfen Ihnen dabei gleichzeitig mehrere Projekte parallel erfolgreich umzusetzen und Ihre Mitarbeiter parallel auszubilden, dies in Zukunft eigenst\u00e4ndig durchf\u00fchren zu k\u00f6nnen.[\/vc_column_text][\/vc_column][\/vc_row][vc_row][vc_column width=&#8220;1\/1&#8243;][vc_empty_space empty_h=&#8220;2&#8243;][\/vc_column][\/vc_row]<\/p>\n<\/div>","protected":false},"excerpt":{"rendered":"<p>[vc_row][vc_column width=&#8220;1\/1&#8243;][vc_custom_heading uncode_shortcode_id=&#8220;155683&#8243;]Dynamisches, ressourcen- und toolbasiertes Projektmanagement[\/vc_custom_heading][vc_column_text text_lead=&#8220;yes&#8220;]Unser Projektmanagement-Ansatz basiert auf einer holistischen Herangehensweise und der aktiven Einbindung aller relevanten [&hellip;]<\/p>\n","protected":false},"author":1,"featured_media":0,"parent":0,"menu_order":0,"comment_status":"open","ping_status":"closed","template":"","meta":{"footnotes":""},"class_list":["post-88289","page","type-page","status-publish","hentry","page_category-active"],"yoast_head":"<!-- This site is optimized with the Yoast SEO plugin v27.3 - https:\/\/yoast.com\/product\/yoast-seo-wordpress\/ -->\n<title>Kompetenz Projektmanagement - Haertel Management Consulting GmbH<\/title>\n<meta name=\"robots\" content=\"index, follow, max-snippet:-1, max-image-preview:large, max-video-preview:-1\" \/>\n<link rel=\"canonical\" href=\"https:\/\/www.h-mc.de\/index.php\/kompetenz-projektmanagement\/\" \/>\n<meta property=\"og:locale\" content=\"de_DE\" \/>\n<meta property=\"og:type\" content=\"article\" \/>\n<meta property=\"og:title\" content=\"Kompetenz Projektmanagement - Haertel Management Consulting GmbH\" \/>\n<meta property=\"og:description\" content=\"[vc_row][vc_column width=&#8220;1\/1&#8243;][vc_custom_heading uncode_shortcode_id=&#8220;155683&#8243;]Dynamisches, ressourcen- und toolbasiertes Projektmanagement[\/vc_custom_heading][vc_column_text text_lead=&#8220;yes&#8220;]Unser Projektmanagement-Ansatz basiert auf einer holistischen Herangehensweise und der aktiven Einbindung aller relevanten [&hellip;]\" \/>\n<meta property=\"og:url\" content=\"https:\/\/www.h-mc.de\/index.php\/kompetenz-projektmanagement\/\" \/>\n<meta property=\"og:site_name\" content=\"Haertel Management Consulting GmbH\" \/>\n<meta property=\"article:modified_time\" content=\"2024-02-04T15:16:51+00:00\" \/>\n<meta name=\"twitter:card\" content=\"summary_large_image\" \/>\n<meta name=\"twitter:label1\" content=\"Gesch\u00e4tzte Lesezeit\" \/>\n\t<meta name=\"twitter:data1\" content=\"2\u00a0Minuten\" \/>\n<script type=\"application\/ld+json\" class=\"yoast-schema-graph\">{\"@context\":\"https:\\\/\\\/schema.org\",\"@graph\":[{\"@type\":\"WebPage\",\"@id\":\"https:\\\/\\\/www.h-mc.de\\\/index.php\\\/kompetenz-projektmanagement\\\/\",\"url\":\"https:\\\/\\\/www.h-mc.de\\\/index.php\\\/kompetenz-projektmanagement\\\/\",\"name\":\"Kompetenz Projektmanagement - Haertel Management Consulting GmbH\",\"isPartOf\":{\"@id\":\"https:\\\/\\\/www.h-mc.de\\\/#website\"},\"datePublished\":\"2021-04-29T10:35:46+00:00\",\"dateModified\":\"2024-02-04T15:16:51+00:00\",\"breadcrumb\":{\"@id\":\"https:\\\/\\\/www.h-mc.de\\\/index.php\\\/kompetenz-projektmanagement\\\/#breadcrumb\"},\"inLanguage\":\"de\",\"potentialAction\":[{\"@type\":\"ReadAction\",\"target\":[\"https:\\\/\\\/www.h-mc.de\\\/index.php\\\/kompetenz-projektmanagement\\\/\"]}]},{\"@type\":\"BreadcrumbList\",\"@id\":\"https:\\\/\\\/www.h-mc.de\\\/index.php\\\/kompetenz-projektmanagement\\\/#breadcrumb\",\"itemListElement\":[{\"@type\":\"ListItem\",\"position\":1,\"name\":\"Startseite\",\"item\":\"https:\\\/\\\/www.h-mc.de\\\/\"},{\"@type\":\"ListItem\",\"position\":2,\"name\":\"Kompetenz Projektmanagement\"}]},{\"@type\":\"WebSite\",\"@id\":\"https:\\\/\\\/www.h-mc.de\\\/#website\",\"url\":\"https:\\\/\\\/www.h-mc.de\\\/\",\"name\":\"Haertel Management Consulting GmbH\",\"description\":\"Wertsch\u00f6pfende Probleml\u00f6sung durch quantitativ messbare Resultate \u201eon Time\u201c und \u201eon Budget\u201c\",\"publisher\":{\"@id\":\"https:\\\/\\\/www.h-mc.de\\\/#organization\"},\"potentialAction\":[{\"@type\":\"SearchAction\",\"target\":{\"@type\":\"EntryPoint\",\"urlTemplate\":\"https:\\\/\\\/www.h-mc.de\\\/?s={search_term_string}\"},\"query-input\":{\"@type\":\"PropertyValueSpecification\",\"valueRequired\":true,\"valueName\":\"search_term_string\"}}],\"inLanguage\":\"de\"},{\"@type\":\"Organization\",\"@id\":\"https:\\\/\\\/www.h-mc.de\\\/#organization\",\"name\":\"Haertel Management Consulting GmbH\",\"url\":\"https:\\\/\\\/www.h-mc.de\\\/\",\"logo\":{\"@type\":\"ImageObject\",\"inLanguage\":\"de\",\"@id\":\"https:\\\/\\\/www.h-mc.de\\\/#\\\/schema\\\/logo\\\/image\\\/\",\"url\":\"https:\\\/\\\/www.h-mc.de\\\/wp-content\\\/uploads\\\/2022\\\/02\\\/Logo-Schriftzug.png\",\"contentUrl\":\"https:\\\/\\\/www.h-mc.de\\\/wp-content\\\/uploads\\\/2022\\\/02\\\/Logo-Schriftzug.png\",\"width\":2238,\"height\":137,\"caption\":\"Haertel Management Consulting GmbH\"},\"image\":{\"@id\":\"https:\\\/\\\/www.h-mc.de\\\/#\\\/schema\\\/logo\\\/image\\\/\"},\"sameAs\":[\"https:\\\/\\\/www.linkedin.com\\\/company\\\/79435367\"]}]}<\/script>\n<!-- \/ Yoast SEO plugin. -->","yoast_head_json":{"title":"Kompetenz Projektmanagement - Haertel Management Consulting GmbH","robots":{"index":"index","follow":"follow","max-snippet":"max-snippet:-1","max-image-preview":"max-image-preview:large","max-video-preview":"max-video-preview:-1"},"canonical":"https:\/\/www.h-mc.de\/index.php\/kompetenz-projektmanagement\/","og_locale":"de_DE","og_type":"article","og_title":"Kompetenz Projektmanagement - Haertel Management Consulting GmbH","og_description":"[vc_row][vc_column width=&#8220;1\/1&#8243;][vc_custom_heading uncode_shortcode_id=&#8220;155683&#8243;]Dynamisches, ressourcen- und toolbasiertes Projektmanagement[\/vc_custom_heading][vc_column_text text_lead=&#8220;yes&#8220;]Unser Projektmanagement-Ansatz basiert auf einer holistischen Herangehensweise und der aktiven Einbindung aller relevanten [&hellip;]","og_url":"https:\/\/www.h-mc.de\/index.php\/kompetenz-projektmanagement\/","og_site_name":"Haertel Management Consulting GmbH","article_modified_time":"2024-02-04T15:16:51+00:00","twitter_card":"summary_large_image","twitter_misc":{"Gesch\u00e4tzte Lesezeit":"2\u00a0Minuten"},"schema":{"@context":"https:\/\/schema.org","@graph":[{"@type":"WebPage","@id":"https:\/\/www.h-mc.de\/index.php\/kompetenz-projektmanagement\/","url":"https:\/\/www.h-mc.de\/index.php\/kompetenz-projektmanagement\/","name":"Kompetenz Projektmanagement - Haertel Management Consulting GmbH","isPartOf":{"@id":"https:\/\/www.h-mc.de\/#website"},"datePublished":"2021-04-29T10:35:46+00:00","dateModified":"2024-02-04T15:16:51+00:00","breadcrumb":{"@id":"https:\/\/www.h-mc.de\/index.php\/kompetenz-projektmanagement\/#breadcrumb"},"inLanguage":"de","potentialAction":[{"@type":"ReadAction","target":["https:\/\/www.h-mc.de\/index.php\/kompetenz-projektmanagement\/"]}]},{"@type":"BreadcrumbList","@id":"https:\/\/www.h-mc.de\/index.php\/kompetenz-projektmanagement\/#breadcrumb","itemListElement":[{"@type":"ListItem","position":1,"name":"Startseite","item":"https:\/\/www.h-mc.de\/"},{"@type":"ListItem","position":2,"name":"Kompetenz Projektmanagement"}]},{"@type":"WebSite","@id":"https:\/\/www.h-mc.de\/#website","url":"https:\/\/www.h-mc.de\/","name":"Haertel Management Consulting GmbH","description":"Wertsch\u00f6pfende Probleml\u00f6sung durch quantitativ messbare Resultate \u201eon Time\u201c und \u201eon Budget\u201c","publisher":{"@id":"https:\/\/www.h-mc.de\/#organization"},"potentialAction":[{"@type":"SearchAction","target":{"@type":"EntryPoint","urlTemplate":"https:\/\/www.h-mc.de\/?s={search_term_string}"},"query-input":{"@type":"PropertyValueSpecification","valueRequired":true,"valueName":"search_term_string"}}],"inLanguage":"de"},{"@type":"Organization","@id":"https:\/\/www.h-mc.de\/#organization","name":"Haertel Management Consulting GmbH","url":"https:\/\/www.h-mc.de\/","logo":{"@type":"ImageObject","inLanguage":"de","@id":"https:\/\/www.h-mc.de\/#\/schema\/logo\/image\/","url":"https:\/\/www.h-mc.de\/wp-content\/uploads\/2022\/02\/Logo-Schriftzug.png","contentUrl":"https:\/\/www.h-mc.de\/wp-content\/uploads\/2022\/02\/Logo-Schriftzug.png","width":2238,"height":137,"caption":"Haertel Management Consulting GmbH"},"image":{"@id":"https:\/\/www.h-mc.de\/#\/schema\/logo\/image\/"},"sameAs":["https:\/\/www.linkedin.com\/company\/79435367"]}]}},"_links":{"self":[{"href":"https:\/\/www.h-mc.de\/index.php\/wp-json\/wp\/v2\/pages\/88289","targetHints":{"allow":["GET"]}}],"collection":[{"href":"https:\/\/www.h-mc.de\/index.php\/wp-json\/wp\/v2\/pages"}],"about":[{"href":"https:\/\/www.h-mc.de\/index.php\/wp-json\/wp\/v2\/types\/page"}],"author":[{"embeddable":true,"href":"https:\/\/www.h-mc.de\/index.php\/wp-json\/wp\/v2\/users\/1"}],"replies":[{"embeddable":true,"href":"https:\/\/www.h-mc.de\/index.php\/wp-json\/wp\/v2\/comments?post=88289"}],"version-history":[{"count":11,"href":"https:\/\/www.h-mc.de\/index.php\/wp-json\/wp\/v2\/pages\/88289\/revisions"}],"predecessor-version":[{"id":88968,"href":"https:\/\/www.h-mc.de\/index.php\/wp-json\/wp\/v2\/pages\/88289\/revisions\/88968"}],"wp:attachment":[{"href":"https:\/\/www.h-mc.de\/index.php\/wp-json\/wp\/v2\/media?parent=88289"}],"curies":[{"name":"wp","href":"https:\/\/api.w.org\/{rel}","templated":true}]}}